i(240).
-29
Let j(u) = 2*u**3 - 50*u**2 + 149*u + 55. Calculate j(23).
1366
Let j(f) = -15434*f - 154348. Determine j(-10).
-8
Let x(i) = -2*i**2 + 10502*i + 84137. Calculate x(-8).
-7
Let h(x) = 5*x**3 - 83*x**2 - 46*x + 105. What is h(17)?
-99
Let a(s) = 4*s**3 + 5*s**2 + 346*s + 1455. Determine a(-4).
-105
Let w(k) = -3*k**3 + 8*k**2 - 102*k - 109. Give w(-1).
4
Let o(u) = 376*u + 1090. What is o(2)?
1842
Let h(p) = -12760*p + 229713. Calculate h(18).
33
Let a(o) = -3*o**2 + 439*o + 22065. Give a(186).
-69
Let j(s) = -25*s**3 - 662*s**2 - 356*s - 16. Give j(-26).
1128
Let a(x) = 174*x + 18111. Calculate a(-82).
3843
Let j(h) = -4*h**3 + 282*h**2 + 711*h - 59562. Determine j(70).
8
Let n(o) = 1778*o + 59056. Calculate n(-33).
382
Let c(v) = -860*v - 13100. What is c(-15)?
-200
Let x(z) = -857*z**3 + z**2 + 19*z - 18. Calculate x(1).
-855
Let q(v) = 4287*v - 30841. Calculate q(7).
-832
Let l(t) = -t**2 - 154*t + 12208. Determine l(-212).
-88
Let z(h) = -382*h + 3717. Calculate z(10).
-103
Let r(s) = 105*s - 1877. What is r(21)?
328
Let h(g) = 709*g + 9245. Determine h(-13).
28
Let j(m) = -92557*m + 2036213. Give j(22).
-41
Let w(t) = -278*t**2 + 60331*t - 849. Determine w(217).
236
Let u(h) = 60473*h + 241887. Calculate u(-4).
-5
Let m(n) = 12151*n + 121477. Calculate m(-10).
-33
Let t(s) = -129*s**2 - 37537*s + 607. Determine t(-291).
25
Let p(o) = -o**2 + 179859*o - 1438812. Calculate p(8).
-4
Let c(j) = 81365*j + 406955. What is c(-5)?
130
Let a(h) = 5*h**2 - 11467*h - 57334. Determine a(-5).
126
Let c(b) = -18*b**2 + 251*b - 16. Give c(14).
-30
Let d(l) = 60158*l - 180535. Give d(3).
-61
Let q(y) = -2*y**3 + 1704*y**2 + 3587*y - 146024. Determine q(854).
10
Let c(d) = 11*d**2 - 221*d - 2041. Determine c(-9).
839
Let v(i) = -9822*i - 255723. Calculate v(-26).
-351
Let n(l) = -124861*l - 748904. Determine n(-6).
262
Let t(h) = 6447*h + 57813. Determine t(-9).
-210
Let a(d) = -d**2 + 814*d - 115029. What is a(632)?
-5
Let m(b) = 42*b**3 + 1216*b**2 - 1200*b - 17. Determine m(1).
41
Let p(i) = -32*i**2 - 4352*i - 845. Calculate p(-136).
-845
Let m(c) = c**3 - 12*c**2 - 14945*c + 104851. Determine m(7).
-9
Let t(l) = -2*l**2 - 153*l - 2584. Calculate t(-48).
152
Let c(w) = -w**3 + 990*w**2 - 48758*w - 912. What is c(52)?
24
Let j(k) = 104*k**2 + 7689*k + 34. Calculate j(-74).
552
Let a(l) = 7*l**2 - 6*l - 171. Calculate a(-13).
1090
Let d(u) = 2*u**2 + 840*u + 11324. Calculate d(-14).
-44
Let z(f) = 5*f**3 + 266*f**2 + 22*f - 1717. Determine z(-53).
-74
Let c(h) = 8803*h + 17593. Give c(-2).
-13
Let y(d) = 9*d**2 + 268*d - 1291. Give y(4).
-75
Let s(a) = 3*a**3 - 254*a**2 + 1769*a + 642. Give s(77).
488
Let t(o) = -o**3 + 15*o**2 + 275*o + 274. Determine t(26).
-12
Let x(a) = 851*a + 494446. Determine x(-581).
15
Let s(l) = 25*l**2 - 637*l - 18. Calculate s(24).
-906
Let b(z) = 122*z + 11292. Calculate b(-96).
-420
Let x(g) = 159*g + 17924. Give x(-113).
-43
Let u(n) = 29*n**2 - 724*n - 722. Determine u(-1).
31
Let d(t) = 1082*t + 95218. Calculate d(-88).
2
Let o(a) = -a**2 + 353*a + 6545. Determine o(-18).
-133
Let c(r) = -13*r**2 - 74*r + 158. Determine c(2).
-42
Let v(p) = p**3 + 90*p**2 - 2062*p + 997. What is v(-109)?
16
Let b(g) = -142*g**3 - 38*g**2 + g - 1. Calculate b(1).
-180
Let i(w) = 291*w + 14321. Give i(-44).
1517
Let b(o) = -3*o**2 + 9*o + 302. What is b(-15)?
-508
Let i(h) = -4*h**2 - 8003*h - 16011. Calculate i(-2).
-21
Let f(k) = -155*k**3 + 774*k**2 + 7*k - 7. Determine f(5).
3
Let s(v) = 47177*v + 7548315. Determine s(-160).
-5
Let i(x) = 31608*x + 158089. Calculate i(-5).
49
Let b(i) = 851*i - 102195. Calculate b(114).
-5181
Let y(p) = -549*p - 8778. Calculate y(-16).
6
Let s(c) = 362307*c - 3985430. Calculate s(11).
-53
Let t(p) = 132*p**3 - 773*p**2 - 765*p + 9. What is t(-1)?
-131
Let m(k) = 17*k**2 + 3057*k + 180. Calculate m(-179).
-2326
Let y(r) = r**3 + 11*r**2 - 14*r + 388. Give y(-16).
-668
Let h(g) = -8*g**3 - 95*g**2 - 8*g - 20. Determine h(-12).
220
Let a(u) = -22585*u + 2303646. Determine a(102).
-24
Let r(g) = g**3 - 36*g**2 - 53*g + 237. Determine r(37).
-355
Let w(g) = -32*g**2 + 10779*g - 30375. Give w(334).
19
Let f(b) = -7*b**2 - 604592*b + 1209182. Give f(2).
-30
Let z(t) = t**3 - 35*t**2 + 3709*t - 102527. Calculate z(29).
-12
Let k(i) = -6*i**3 - 8*i**2 + 162*i + 505. Give k(-3).
109
Let x(l) = 1265*l - 366849. Determine x(290).
1
Let b(r) = -r**3 - 59*r**2 - 483*r - 28513. Calculate b(-59).
-16
Let b(u) = -17*u**2 + 1592*u - 1102. Calculate b(93).
-79
Let y(r) = -71*r**2 + 1321*r + 10481. What is y(-6)?
-1
Let x(f) = -18*f**2 - 30*f + 191. What is x(5)?
-409
Let a(k) = -116*k + 13104. Determine a(159).
-5340
Let x(r) = -40668*r - 325412. What is x(-8)?
-68
Let d(i) = 59646*i - 59640. Determine d(1).
6
Let a(x) = -x**2 + 191*x + 24426. Give a(-94).
-2364
Let k(p) = -306*p**2 + 139*p - 292. Give k(2).
-1238
Let d(l) = -1721*l**2 + 6903*l - 86. Calculate d(4).
-10
Let r(w) = 216*w**2 + 22347*w - 12172. Give r(-104).
-4
Let h(k) = k**3 + 71*k**2 + 131*k - 5576. Calculate h(-68).
-612
Let w(s) = -s**2 + 18343*s + 12. Calculate w(0).
12
Let v(r) = 1635*r - 17459. What is v(9)?
-2744
Let i(r) = 15412*r + 1818635. Give i(-118).
19
Let k(n) = -5945*n - 23005. What is k(-4)?
775
Let j(i) = -1235*i - 907677. What is j(-735)?
48
Let l(p) = -p**2 - 25*p - 57. Give l(-13).
99
Let s(k) = 10*k**2 + 1464*k - 5872. Give s(4).
144
Let k(x) = 1614*x - 211412. Determine k(131).
22
Let c(b) = -7*b**3 - 71*b**2 + 9*b + 255. Calculate c(-10).
65
Let i(n) = -n**3 + 140*n**2 - 373*n - 5219. What is i(137)?
-13
Let f(x) = 17*x**3 - 49*x**2 + 726*x - 725. Determine f(1).
-31
Let o(d) = -173*d + 171. Give o(0).
171
Let x(f) = -318*f + 716. What is x(3)?
-238
Let s(g) = -2*g**3 - 346*g**2 + 355*g + 2204. Calculate s(-174).
986
Let l(x) = 47*x**2 + 228*x + 141. Calculate l(-4).
-19
Let i(p) = -111101*p - 777751. What is i(-7)?
-44
Let a(h) = 3214*h - 173565. What is a(54)?
-9
Let t(v) = -20*v**2 + 266*v + 4449. What is t(23)?
-13
Let h(a) = 68962*a - 1241321. Calculate h(18).
-5
Let f(t) = 4399*t + 48006. Determine f(-11).
-383
Let h(v) = 26*v - 515. Calculate h(24).
109
Let k(b) = 3*b**3 - 2*b**2 + 9337*b + 28021. Determine k(-3).
-89
Let u(a) = -5*a**3 - 874*a**2 + 9399*a - 6655. What is u(-185)?
5
Let p(h) = 2458*h - 852912. Calculate p(347).
14
Let r(b) = -b**2 + 62*b - 884. Calculate r(17).
-119
Let v(f) = -f**3 + 251*f**2 - 14113*f + 250. Determine v(85).
-5
Let x(h) = -h**3 + 102*h**2 - 176*h - 2416. Determine x(100).
-16
Let s(d) = 5*d**2 + 289*d + 712. What is s(-57)?
484
Let o(c) = -7*c**3 - 2*c**2 - 451*c - 902. What is o(-2)?
48
Let a(l) = 7*l**2 - 1959*l + 122909. Give a(95).
-21
Let f(i) = i**3 + 270*i**2 + 540*i + 1483. Give f(-268).
411
Let u(k) = -4*k**3 - 86*k**2 - 5*k + 611. Give u(-21).
-166
Let p(z) = 37*z**2 + 501*z + 1162. What is p(-7)?
-532
Let n(p) = -129*p - 3784. Calculate n(-18).
-1462
Let y(z) = -85*z + 27023. What is y(324)?
-517
Let h(o) = -10*o**3 + 1034*o**2 + 40*o - 46560. What is h(103)?
-4
Let a(g) = 35968*g + 143860. What is a(-4)?
-12
Let d(r) = r**3 - 895*r**2 + 10591*r + 4417. Calculate d(883).
2
Let x(u) = 18*u**3 - 125*u**2 + 174*u - 1203. Give x(7).
64
Let m(g) = 57*g**3 - 5189*g**2 + 181*g + 123. Give m(91).
32
Let a(m) = -182*m**2 - 1469*m - 24. Give a(-8).
80
Let a(r) = 2354*r**2 - r - 112. Give a(0).
-112
Let y(b) = -8*b**2 - 2726*b - 224353. What is y(-139)?
-7
Let n(q) = 1039*q - 10033. What is n(10)?
357
Let a(t) = -t**3 - 181*t**2 + 2722*t - 1962. Determine a(-195).
-402
Let f(a) = -a**2 - 693*a - 7721. Calculate f(-11).
-219
Let v(y) = 7*y**3 + 177*y**2 - 316*y + 303. Give v(-27).
87
Let i(a) = -7*a**3 - 343*a**2 + 21*a + 358. Give i(-49).
-671
Let z(w) = -5*w**2 - 1889*w - 14487. What is z(-370)?
-57
Let a(b) = 15546*b - 31146. What is a(2)?
-54
Let x(i) = 1663*i + 91489. Determine x(-55).
24
Let h(o) = -o**3 - 143*o**2 - 4006*o - 61. Give h(-105).
1619
Let o(q) = -2*q**3 + 251*q**2 + 7007*q - 608. Give o(149).
-12
Let b(t) = -3*t**3 + 191*t**2 - 311*t - 122. Determine b(2).
-4
Let j(i) = -29*i + 1888. What is j(38)?
786
Let h(t) = -2*t**2 + 262*t - 1536. What is h(6)?
-36
Let v(q) = -22*q**2 + 412*q - 1902. Calculate v(8).
-14
Let g(l) = -2*l**3 + 161*l**2 - 688*l + 1146